 and 4410?
315
What is the greatest common factor of 42705 and 180?
45
Calculate the highest common factor of 21336 and 259.
7
What is the greatest common factor of 2149484 and 688?
172
What is the highest common factor of 130825 and 625?
25
Calculate the highest common factor of 923554 and 946.
86
What is the greatest common factor of 255836 and 42?
14
What is the highest common divisor of 470 and 8830?
10
What is the greatest common divisor of 3097 and 27058?
163
Calculate the greatest common factor of 559800 and 14400.
1800
What is the highest common factor of 11 and 82343?
1
Calculate the greatest common factor of 308 and 46732.
28
Calculate the greatest common factor of 360240 and 285.
285
What is the highest common divisor of 1419 and 177891?
129
What is the highest common factor of 1828269 and 9?
9
Calculate the highest common factor of 21 and 2251137.
21
Calculate the greatest common factor of 640 and 2026432.
64
What is the highest common divisor of 1663893 and 462?
231
Calculate the greatest common divisor of 263 and 17003213.
263
Calculate the greatest common divisor of 142422 and 2163.
21
Calculate the greatest common divisor of 30 and 30615.
15
What is the greatest common divisor of 3168 and 8118?
198
What is the greatest common factor of 33042 and 288?
6
Calculate the highest common factor of 850 and 79700.
50
Calculate the highest common factor of 28314 and 1742.
26
What is the greatest common factor of 590 and 5770?
10
What is the greatest common divisor of 584045 and 1155?
385
Calculate the highest common factor of 2161940 and 220.
220
Calculate the highest common divisor of 2809 and 1537.
53
What is the highest common divisor of 2541 and 26565?
231
What is the highest common divisor of 522 and 15718?
58
What is the highest common factor of 1480 and 59385?
185
What is the greatest common divisor of 520 and 7240?
40
What is the greatest common factor of 58450 and 1750?
350
What is the greatest common divisor of 2 and 866122?
2
What is the greatest common factor of 107875 and 750?
125
Calculate the greatest common divisor of 620 and 14344630.
310
What is the highest common divisor of 1014 and 4875?
39
Calculate the highest common factor of 14174 and 1650898.
746
What is the highest common divisor of 35 and 73115?
35
What is the highest common divisor of 17 and 1445357?
17
Calculate the highest common divisor of 19 and 3615567.
19
What is the greatest common factor of 11682 and 3?
3
Calculate the greatest common divisor of 489 and 72.
3
What is the greatest common factor of 1700 and 12036?
68
What is the highest common divisor of 952 and 3388?
28
What is the greatest common factor of 15714 and 8586?
162
What is the highest common factor of 279 and 25699?
31
What is the greatest common divisor of 15801 and 4485?
69
Calculate the greatest common divisor of 8764 and 588.
28
What is the highest common divisor of 655836 and 372?
372
Calculate the highest common divisor of 38142 and 1872.
234
What is the greatest common divisor of 90 and 113445?
45
Calculate the greatest common factor of 536 and 82477.
67
What is the highest common factor of 35547 and 47107?
289
Calculate the highest common divisor of 179910 and 60.
30
Calculate the greatest common divisor of 552 and 16698.
138
Calculate the greatest common divisor of 52686 and 18.
18
Calculate the greatest common divisor of 4408 and 4332.
76
What is the greatest common divisor of 169094 and 590?
118
Calculate the highest common divisor of 55782 and 24.
6
Calculate the greatest common factor of 86 and 1474.
2
Calculate the greatest common factor of 455 and 8505.
35
What is the greatest common divisor of 25500 and 8976?
204
What is the highest common divisor of 3841 and 40581?
167
Calculate the highest common divisor of 93294 and 292.
146
What is the greatest common divisor of 64120 and 920?
40
What is the greatest common divisor of 194293 and 374?
187
What is the greatest common factor of 35608 and 200?
8
What is the highest common factor of 14 and 8463?
7
Calculate the greatest common divisor of 104 and 114400.
104
What is the greatest common divisor of 119 and 42041?
17
Calculate the greatest common factor of 20007 and 4104.
513
What is the highest common factor of 1108 and 11456?
4
What is the greatest common divisor of 2084095 and 78?
13
Calculate the highest common factor of 3484 and 3283.
67
Calculate the greatest common divisor of 66 and 16126.
22
Calculate the greatest common divisor of 795935 and 35.
35
What is the highest common factor of 160 and 1510?
10
What is the highest common divisor of 80 and 238390?
10
What is the greatest common divisor of 456 and 20178?
114
What is the highest common divisor of 4087 and 335?
67
Calculate the greatest common factor of 7320 and 96.
24
What is the highest common divisor of 88479 and 226?
113
What is the greatest common factor of 9 and 141039?
9
What is the highest common divisor of 117 and 97227?
117
Calculate the highest common divisor of 2107 and 12887.
49
Calculate the greatest common factor of 3890 and 1620.
10
What is the greatest common factor of 18360 and 768?
24
Calculate the highest common divisor of 100 and 96795.
5
What is the highest common factor of 59728 and 48?
16
What is the highest common divisor of 1500 and 48?
12
What is the highest common divisor of 2 and 6140?
2
What is the highest common factor of 26487 and 729?
243
What is the greatest common divisor of 386034 and 462?
66
Calculate the highest common divisor of 113996 and 16.
4
What is the highest common divisor of 248795 and 51?
17
Calculate the greatest common factor of 2392 and 736.
184
What is the highest common factor of 632832 and 54?
6
What is the greatest common divisor of 2 and 31723?
1
What is the greatest common factor of 72 and 14013?
9
Calculate the greatest common divisor of 263280 and 240.
240
What is the highest common factor of 554 and 229633?
277
Calculate the highest common divisor of 42749 and 5425.
217
What is the highest common factor of 42662 and 37522?
514
Calculate the greatest common divisor of 6802 and 114.
38
What is the greatest common factor of 2651 and 60491?
241
Calculate the highest common factor of 3200 and 63152.
16
What is the greatest common factor of 22458 and 72618?
114
What is the highest common factor of 34 and 17527?
17
What is the greatest common factor of 208 and 102024?
104
Calculate the highest common divisor of 24641 and 31853.
601
What is the highest common divisor of 35 and 7075?
5
What is the greatest common divisor of 26403 and 16341?
39
What is the highest common divisor of 545 and 55263?
109
What is the greatest common factor of 2793 and 24073?
133
What is the highest common divisor of 196 and 556542?
98
Calculate the highest common factor of 376576 and 256.
256
Calculate the highest common divisor of 174 and 57507.
87
What is the highest common factor of 3641718 and 804?
402
Calculate the highest common divisor of 1030 and 263062.
206
Calculate the greatest common factor of 2767428 and 36.
36
What is the greatest common divisor of 22 and 2630309?
11
What is the highest common divisor of 37250 and 5662?
298
What is the highest common divisor of 3330 and 936?
18
Calculate the greatest common divisor of 336 and 8589.
21
Calculate the highest common divisor of 395682 and 126.
42
What is the highest common divisor of 4147 and 609037?
143
Calculate the highest common divisor of 33 and 549.
3
What is the highest common divisor of 6688 and 465344?
352
What is the highest common divisor of 3190680 and 10?
10
Calculate the highest common factor of 100164 and 1581.
51
What is the highest common factor of 88172 and 4690?
938
Calculate the greatest common factor of 4712 and 746728.
248
What is the greatest common factor of 62790 and 598?
598
Calculate the greatest common divisor of 60 and 312260.
20
Calculate the greatest common factor of 15 and 523935.
15
Calculate the highest common divisor of 1566 and 954774.
54
What is the greatest common divisor of 8784 and 2736?
144
What is the highest common divisor of 349153 and 217?
217
Calculate the greatest common divisor of 104 and 2504.
8
Calculate the greatest common divisor of 42922 and 1687615.
1951
Calculate the highest common factor of 330 and 1750386.
66
Calculate t